{"id":38,"date":"2016-10-05T06:07:50","date_gmt":"2016-10-05T06:07:50","guid":{"rendered":"http:\/\/www.odensemontvask.dk\/testt\/?page_id=38"},"modified":"2019-04-10T11:18:31","modified_gmt":"2019-04-10T11:18:31","slug":"gode-rad","status":"publish","type":"page","link":"https:\/\/www.odensemontvask.dk\/testt\/gode-rad\/","title":{"rendered":"Odense M\u00f8ntvask Gode r\u00e5d"},"content":{"rendered":"<p style=\"text-align: center;\"><strong>Husk altid !<\/strong><\/p>\n<p style=\"text-align: center;\"><strong>T\u00f8m lommerne<\/strong><\/p>\n<p style=\"text-align: center;\"><strong>Del vasket\u00f8jet op i lyst og m\u00f8rkt<\/strong><\/p>\n<p style=\"text-align: center;\"><strong>Dankort eller\u00a0kun kontant betaling<\/strong><\/p>\n<p style=\"text-align: center;\"><strong>&#8211; VASK er p\u00e5 eget ansvar &#8211;<\/strong><\/p>\n<p style=\"text-align: center;\"><em><strong>Der skal KUN s\u00e6be i venstre og midterste s\u00e6beskuffe, s\u00e5fremt du v\u00e6lger AKTIVT forvask til p\u00e5 vaskemaskinen<\/strong><\/em><br \/>\n<em><strong>S\u00e5fremt du IKKE \u00f8nsker forvask, skal der KUN s\u00e6be i midterste s\u00e6beskuffe<\/strong><\/em><\/p>\n<p>Click here to edit Spacer module.<\/p>\n<p>\t\t\t\t<img src=\"http:\/\/www.odensemontvask.dk\/testt\/wp-content\/uploads\/2016\/10\/vask1.jpg\" alt=\"Microsoft Word - i7010-17-0-39.docx\" itemprop=\"image\"  \/><br \/>\n\t\t\t\t<img src=\"http:\/\/www.odensemontvask.dk\/testt\/wp-content\/uploads\/2016\/10\/vask2.jpg\" alt=\"Microsoft Word - i7010-17-0-39.docx\" itemprop=\"image\"  \/><\/p>\n","protected":false},"excerpt":{"rendered":"<p>Husk altid ! T\u00f8m lommerne Del vasket\u00f8jet op i lyst og m\u00f8rkt Dankort eller\u00a0kun kontant betaling &#8211; VASK er p\u00e5 eget ansvar &#8211; Der skal KUN s\u00e6be i venstre og midterste s\u00e6beskuffe, s\u00e5fremt du v\u00e6lger AKTIVT forvask til p\u00e5 vaskemaskinen S\u00e5fremt du IKKE \u00f8nsker forvask, skal der KUN s\u00e6be i midterste s\u00e6beskuffe Click here to&hellip;<\/p>\n","protected":false},"author":1,"featured_media":0,"parent":0,"menu_order":0,"comment_status":"closed","ping_status":"closed","template":"fullwidth.php","meta":[],"_links":{"self":[{"href":"https:\/\/www.odensemontvask.dk\/testt\/wp-json\/wp\/v2\/pages\/38"}],"collection":[{"href":"https:\/\/www.odensemontvask.dk\/testt\/wp-json\/wp\/v2\/pages"}],"about":[{"href":"https:\/\/www.odensemontvask.dk\/testt\/wp-json\/wp\/v2\/types\/page"}],"author":[{"embeddable":true,"href":"https:\/\/www.odensemontvask.dk\/testt\/wp-json\/wp\/v2\/users\/1"}],"replies":[{"embeddable":true,"href":"https:\/\/www.odensemontvask.dk\/testt\/wp-json\/wp\/v2\/comments?post=38"}],"version-history":[{"count":15,"href":"https:\/\/www.odensemontvask.dk\/testt\/wp-json\/wp\/v2\/pages\/38\/revisions"}],"predecessor-version":[{"id":158,"href":"https:\/\/www.odensemontvask.dk\/testt\/wp-json\/wp\/v2\/pages\/38\/revisions\/158"}],"wp:attachment":[{"href":"https:\/\/www.odensemontvask.dk\/testt\/wp-json\/wp\/v2\/media?parent=38"}],"curies":[{"name":"wp","href":"https:\/\/api.w.org\/{rel}","templated":true}]}}