{"id":47,"date":"2016-10-05T08:10:49","date_gmt":"2016-10-05T08:10:49","guid":{"rendered":"http:\/\/www.odensemontvask.dk\/testt\/?page_id=47"},"modified":"2016-10-22T21:00:32","modified_gmt":"2016-10-22T21:00:32","slug":"her-finder-du-os","status":"publish","type":"page","link":"https:\/\/www.odensemontvask.dk\/testt\/her-finder-du-os\/","title":{"rendered":"Odense M\u00f8ntvask Her finder du os"},"content":{"rendered":"<p>\t<iframe loading=\"lazy\" src=\"https:\/\/www.google.com\/maps\/embed?pb=!1m18!1m12!1m3!1d2266.054055564885!2d10.405456550837965!3d55.391962580362446!2m3!1f0!2f0!3f0!3m2!1i1024!2i768!4f13.1!3m3!1m2!1s0x464d2010652a0935%3A0xdea0ee917dd98f49!2sR%C3%B8deg%C3%A5rdsvej+84%2C+5000+Odense+C!5e0!3m2!1sda!2sdk!4v1475475245111\" width=\"800\" height=\"450\" frameborder=\"0\" style=\"border:0\" allowfullscreen><\/iframe><\/p>\n<p style=\"text-align: center;\"><b>Odense M\u00f8ntvask <\/b><\/p>\n<p style=\"text-align: center;\"><b>R\u00f8deg\u00e5rdsvej 84 B, <\/b><\/p>\n<p style=\"text-align: center;\"><b>5000 Odense C<\/b><\/p>\n<p style=\"text-align: center;\"><b>Tlf. 2061 6777<\/b><\/p>\n<p style=\"text-align: center;\"><b>vask@odensemontvask.dk<\/b><\/p>\n<p>&nbsp;<\/p>\n<p style=\"text-align: center;\">Odense M\u00f8ntvask ligger ved bagindgangen til Super Brugsen og bagved Pizza Mario. <\/p>\n<p style=\"text-align: center;\">Indk\u00f8rsel sker via R\u00f8deg\u00e5rdsvej (nedk\u00f8rsel ved Super Brugsen) eller via Thuresensgade, hvor der er gratis parkering (Husk P-skive)<\/p>\n<p style=\"text-align: center;\">Busserne 81, 82 og 83 holder t\u00e6t ved Odense M\u00f8ntvask<b>\u00a0<\/b>\u00a0&#8211; st\u00e5 af ved Nansensgade\/R\u00f8deg\u00e5rdsvej.<\/p>\n<p style=\"text-align: center;\"><a href=\"https:\/\/www.fynbus.dk\/tavleinfo\/RutePlan\/GetRuteplan?filnavn=1471531358_FynBus_Odense_81-83_rev.pdf\" target=\"_blank\">Se busplan<\/a><\/p>\n<p style=\"text-align: center;\">\n\t\t\t\t<img src=\"http:\/\/www.odensemontvask.dk\/testt\/wp-content\/uploads\/2016\/10\/odensemont.jpg\" alt=\"Processed with Snapseed.\" itemprop=\"image\"  \/><\/p>\n","protected":false},"excerpt":{"rendered":"<p>Odense M\u00f8ntvask R\u00f8deg\u00e5rdsvej 84 B, 5000 Odense C Tlf. 2061 6777 vask@odensemontvask.dk &nbsp; Odense M\u00f8ntvask ligger ved bagindgangen til Super Brugsen og bagved Pizza Mario. Indk\u00f8rsel sker via R\u00f8deg\u00e5rdsvej (nedk\u00f8rsel ved Super Brugsen) eller via Thuresensgade, hvor der er gratis parkering (Husk P-skive) Busserne 81, 82 og 83 holder t\u00e6t ved Odense M\u00f8ntvask\u00a0\u00a0&#8211; st\u00e5 af&hellip;<\/p>\n","protected":false},"author":1,"featured_media":0,"parent":0,"menu_order":0,"comment_status":"closed","ping_status":"closed","template":"fullwidth.php","meta":[],"_links":{"self":[{"href":"https:\/\/www.odensemontvask.dk\/testt\/wp-json\/wp\/v2\/pages\/47"}],"collection":[{"href":"https:\/\/www.odensemontvask.dk\/testt\/wp-json\/wp\/v2\/pages"}],"about":[{"href":"https:\/\/www.odensemontvask.dk\/testt\/wp-json\/wp\/v2\/types\/page"}],"author":[{"embeddable":true,"href":"https:\/\/www.odensemontvask.dk\/testt\/wp-json\/wp\/v2\/users\/1"}],"replies":[{"embeddable":true,"href":"https:\/\/www.odensemontvask.dk\/testt\/wp-json\/wp\/v2\/comments?post=47"}],"version-history":[{"count":11,"href":"https:\/\/www.odensemontvask.dk\/testt\/wp-json\/wp\/v2\/pages\/47\/revisions"}],"predecessor-version":[{"id":118,"href":"https:\/\/www.odensemontvask.dk\/testt\/wp-json\/wp\/v2\/pages\/47\/revisions\/118"}],"wp:attachment":[{"href":"https:\/\/www.odensemontvask.dk\/testt\/wp-json\/wp\/v2\/media?parent=47"}],"curies":[{"name":"wp","href":"https:\/\/api.w.org\/{rel}","templated":true}]}}